{"id":65,"date":"2024-08-09T13:44:57","date_gmt":"2024-08-09T13:44:57","guid":{"rendered":"https:\/\/www.ajanotot.fi\/?page_id=65"},"modified":"2025-10-05T10:59:31","modified_gmt":"2025-10-05T10:59:31","slug":"arkisto","status":"publish","type":"page","link":"https:\/\/www.ajanotot.fi\/index.php\/arkisto\/","title":{"rendered":"Arkisto"},"content":{"rendered":"\n<h2 class=\"wp-block-heading has-text-align-center\">Kausi 2025<\/h2>\n\n\n\n<p class=\"has-text-align-center\"><a href=\"https:\/\/www.ajanotot.fi\/141224\/tulokset.htm\" target=\"_blank\" rel=\"noreferrer noopener\">14.12.2024 FIS Vantaan hiihdot<\/a><\/p>\n\n\n\n<p class=\"has-text-align-center\"><a href=\"https:\/\/www.ajanotot.fi\/151224\/karsinta.htm\" target=\"_blank\" rel=\"noreferrer noopener\">15.12.2024 Kiilto Ensilumen Formulasprintti<\/a><\/p>\n\n\n\n<p class=\"has-text-align-center\"><a href=\"https:\/\/www.ajanotot.fi\/221224\/tulokset.htm\" target=\"_blank\" rel=\"noreferrer noopener\">22.12.2,24 Valkeakosken Ensilumen hiihdot\/Antero Kekkosen Muistohiihdot<\/a><\/p>\n\n\n\n<p class=\"has-text-align-center\"><a href=\"https:\/\/www.ajanotot.fi\/291224\/tulokset.htm\" target=\"_blank\" rel=\"noreferrer noopener\"><s>29.12.2024 H\u00e4meenlinnan Nuorten SM-hiihtojen esikisat<\/s><\/a><\/p>\n\n\n\n<p class=\"has-text-align-center\"><a href=\"https:\/\/www.ajanotot.fi\/index.php\/2025\/01\/01\/tampere-fis-4-5-1-2025\/\">4-5.1.2025 FIS Tampereen Pyrinn\u00f6n J Sport Hiihdot<\/a><\/p>\n\n\n\n<p class=\"has-text-align-center\"><a href=\"https:\/\/www.ajanotot.fi\/index.php\/2025\/01\/12\/nuorten-sm-hiihdot\/\">17-19.1.2025 FIS Nuorten SM-kilpailu H\u00e4meenlinna<\/a><\/p>\n\n\n\n<p class=\"has-text-align-center\"><a href=\"https:\/\/www.ajanotot.fi\/260125\/tulokset.htm\" target=\"_blank\" rel=\"noreferrer noopener\">26.1.2025 Ikaalisten kansalliset<\/a><\/p>\n\n\n\n<p class=\"has-text-align-center\"><a href=\"https:\/\/www.ajanotot.fi\/010225\/tulokset.htm\" target=\"_blank\" rel=\"noreferrer noopener\">1.2.2025 pm sprintit Tampere<\/a><\/p>\n\n\n\n<p class=\"has-text-align-center\"><a href=\"https:\/\/www.ajanotot.fi\/020225\/tulokset.htm\" target=\"_blank\" rel=\"noreferrer noopener\">2.2.2025 Lemp\u00e4\u00e4l\u00e4n Hammasl\u00e4\u00e4k\u00e4riasema Hiihdot<\/a><\/p>\n\n\n\n<p class=\"has-text-align-center\"><a href=\"https:\/\/www.ajanotot.fi\/080325\/tulokset.htm\">8.3.2025 H\u00e4meen piirinmestaruushiihdot Tampere<\/a><\/p>\n\n\n\n<p class=\"has-text-align-center\"><a href=\"https:\/\/www.ajanotot.fi\/090325\/tulokset.htm\">9.3.2025 H\u00e4meen viestip\u00e4iv\u00e4 Tampere<\/a><\/p>\n\n\n\n<p class=\"has-text-align-center\"><a href=\"https:\/\/www.ajanotot.fi\/160325\/tulokset.htm\">16.3.2025 Sata-H\u00e4me hiihdot Ikaalinen<\/a><\/p>\n\n\n\n<p class=\"has-text-align-center\"><a href=\"https:\/\/www.ajanotot.fi\/180325\/tulokset.htm\">18.3.2025 Supersprintti Tampere<\/a><\/p>\n\n\n\n<p class=\"has-text-align-center\"><a href=\"https:\/\/www.ajanotot.fi\/index.php\/2025\/03\/10\/hopeasompa-jyvaskyla\/\">21-23.3.2025 Hopeasomman loppukilpailu Jyv\u00e4skyl\u00e4<\/a><\/p>\n\n\n\n<p class=\"has-text-align-center\"><a href=\"https:\/\/www.ajanotot.fi\/260425\/tulokset.htm\" target=\"_blank\" rel=\"noreferrer noopener\">26.4.2025 Savih\u00f6lkk\u00e4, Loimaa<\/a><\/p>\n\n\n\n<p class=\"has-text-align-center\"><a href=\"https:\/\/www.ajanotot.fi\/030525\/tulokset.htm\" target=\"_blank\" rel=\"noreferrer noopener\">3.5.2025 Porkkala Trail run<\/a><\/p>\n\n\n\n<p class=\"has-text-align-center\"><a href=\"https:\/\/www.ajanotot.fi\/100525\/tulokset.htm\">10.5.2025 pm maastojuoksu, Ikaalinen<\/a><\/p>\n\n\n\n<p class=\"has-text-align-center\"><a href=\"https:\/\/www.ajanotot.fi\/180525\/tulokset.htm\">18.5.2025 Vihioja juoksu<\/a><\/p>\n\n\n\n<p class=\"has-text-align-center\"><a href=\"https:\/\/www.ajanotot.fi\/250525\/tulokset.htm\">24.5.2025 ARC half maraton<\/a><\/p>\n\n\n\n<p class=\"has-text-align-center\"><a href=\"https:\/\/www.ajanotot.fi\/140625\/tulokset.htm\" target=\"_blank\" rel=\"noreferrer noopener\">14.6.2025 Kangasala trail run<\/a><\/p>\n\n\n\n<p class=\"has-text-align-center\"><a href=\"https:\/\/www.ajanotot.fi\/050725\/tulokset.htm\" target=\"_blank\" rel=\"noreferrer noopener\">5.7.2025 Rokulitriathlon, Alaj\u00e4rvi<\/a><\/p>\n\n\n\n<p class=\"has-text-align-center\"><a href=\"https:\/\/www.ajanotot.fi\/120725\/tulokset.htm\" target=\"_blank\" rel=\"noreferrer noopener\">12.7.2025 Porrasjuoksun SM<\/a><\/p>\n\n\n\n<p class=\"has-text-align-center\"><a href=\"https:\/\/www.ajanotot.fi\/190725\/nuoret.htm\" target=\"_blank\" rel=\"noreferrer noopener\">19.7.2025 Teisko triathlon nuorten sarjat<\/a><\/p>\n\n\n\n<p class=\"has-text-align-center\"><a href=\"https:\/\/www.ajanotot.fi\/190725\/yleinen.htm\" target=\"_blank\" rel=\"noreferrer noopener\">19.7.2025 Teisko triathlon yleiset sarjat<\/a><\/p>\n\n\n\n<p class=\"has-text-align-center\"><a href=\"https:\/\/www.ajanotot.fi\/230825\/tulokset.htm\">23.8.2025 Finland x-run<\/a><\/p>\n\n\n\n<p class=\"has-text-align-center\"><a href=\"https:\/\/www.ajanotot.fi\/300825\/tulokset.htm\" target=\"_blank\" rel=\"noreferrer noopener\">30.8.2025 Helsinki Velotour<\/a><\/p>\n\n\n\n<p class=\"has-text-align-center\"><a href=\"https:\/\/www.ajanotot.fi\/070925\/tulokset.htm\" target=\"_blank\" rel=\"noreferrer noopener\">7.9.2025 Luuki MTB maraton<\/a><\/p>\n\n\n\n<p class=\"has-large-font-size\">Kausi 2024<\/p>\n\n\n\n<ul class=\"wp-block-list\">\n<li><a href=\"https:\/\/www.ajanotot.fi\/140924\/tulokset.htm\">14.9.2024&nbsp;Finland x-run <\/a><\/li>\n\n\n\n<li><a href=\"https:\/\/www.ajanotot.fi\/200724\/yleinen.htm\" data-type=\"link\" data-id=\"https:\/\/www.ajanotot.fi\/200724\/yleinen.htm\" target=\"_blank\" rel=\"noreferrer noopener\">20.7.2024 Teisko triathlon<\/a> yleinen<\/li>\n\n\n\n<li><a href=\"https:\/\/www.ajanotot.fi\/200724\/nuoret.htm\" target=\"_blank\" rel=\"noreferrer noopener\">20.7.2024 Teisko triathlon<\/a> nuoret<\/li>\n\n\n\n<li><a href=\"https:\/\/www.ajanotot.fi\/180724\/tulokset.htm\">18.7.2024 Ratakymppi Forssa<\/a><\/li>\n\n\n\n<li><a href=\"https:\/\/www.tammelanryske.fi\/tulokset\/130724\/tulokset.htm\" target=\"_blank\" rel=\"noreferrer noopener\">13.7.2024 Porrasjuoksun SM Vimpeli<\/a><\/li>\n\n\n\n<li><a href=\"https:\/\/www.tammelanryske.fi\/tulokset\/060724\/tulokset.htm\" target=\"_blank\" rel=\"noreferrer noopener\">6.7.2024 Rokulitriatlon Alaj\u00e4rvi<\/a><\/li>\n\n\n\n<li><a href=\"https:\/\/www.tammelanryske.fi\/tulokset\/150624\/tulokset.htm\" target=\"_blank\" rel=\"noreferrer noopener\">15.6.2024 Kangasala trail run<\/a><\/li>\n\n\n\n<li><a href=\"https:\/\/www.tammelanryske.fi\/tulokset\/090524\/tulokset.htm\" target=\"_blank\" rel=\"noreferrer noopener\">9.5.2024 H\u00e4mSyn pm maastojuoksut Ikaalinen<\/a><\/li>\n\n\n\n<li><a href=\"https:\/\/www.tammelanryske.fi\/tulokset\/270424\/tulokset.htm\" target=\"_blank\" rel=\"noreferrer noopener\">27.4.2024 Porkkala trail<\/a><\/li>\n\n\n\n<li><a href=\"https:\/\/www.tammelanryske.fi\/tulokset\/300324\/tulokset.htm\" target=\"_blank\" rel=\"noreferrer noopener\">30.3.2024 Tampereen p\u00e4\u00e4si\u00e4iskisat<\/a><\/li>\n\n\n\n<li><a href=\"https:\/\/www.tammelanryske.fi\/tulokset\/160324\/tulokset.htm\" target=\"_blank\" rel=\"noreferrer noopener\">16.3.2024 pm viestit<\/a><\/li>\n\n\n\n<li><a href=\"https:\/\/www.tammelanryske.fi\/tulokset\/100324\/tulokset.htm\" target=\"_blank\" rel=\"noreferrer noopener\">10.3.2024 Sata-H\u00e4me hihdot Ikaalinen<\/a><\/li>\n\n\n\n<li>2.3.2024 Valkeakoski pm sprintti\n<ul class=\"wp-block-list\">\n<li><a href=\"https:\/\/www.tammelanryske.fi\/tulokset\/020324\/lahtolista.htm\">L\u00e4ht\u00f6lista<\/a><\/li>\n\n\n\n<li><a href=\"https:\/\/www.tammelanryske.fi\/tulokset\/020324\/tulokset.htm\">Karsinnan tulokset<\/a><\/li>\n\n\n\n<li><a href=\"https:\/\/www.tammelanryske.fi\/tulokset\/020324\/finaali.htm\">Finaalit<\/a><\/li>\n<\/ul>\n<\/li>\n\n\n\n<li><a href=\"https:\/\/www.tammelanryske.fi\/tulokset\/210224\/tulokset.htm\" target=\"_blank\" rel=\"noreferrer noopener\">21.2.2024 Tampereen koulukisat<\/a><\/li>\n\n\n\n<li><a href=\"https:\/\/www.tammelanryske.fi\/tulokset\/180224\/tulokset.htm\" target=\"_blank\" rel=\"noreferrer noopener\">18.2.2024 Timanttiset Ryske hiihdot<\/a><\/li>\n\n\n\n<li><a href=\"https:\/\/www.tammelanryske.fi\/tulokset\/110224\/tulokset.htm\" target=\"_blank\" rel=\"noreferrer noopener\">11.2.2024 H\u00e4meenlinnan parisprintti<\/a><\/li>\n\n\n\n<li><a href=\"https:\/\/www.tammelanryske.fi\/tulokset\/100224\/tulokset.htm\" target=\"_blank\" rel=\"noreferrer noopener\">10.2.2024 Tampereen hiihtoseuran pm hiihdot<\/a><\/li>\n\n\n\n<li><a href=\"https:\/\/www.tammelanryske.fi\/tulokset\/040224\/tulokset.htm\" target=\"_blank\" rel=\"noreferrer noopener\">4.2.2024 Ikaalisten nuorisohiihdot<\/a><\/li>\n\n\n\n<li><a href=\"https:\/\/www.tammelanryske.fi\/tulokset\/280124\/tulokset.htm\" target=\"_blank\" rel=\"noreferrer noopener\">28.1.2024 Lemp\u00e4\u00e4l\u00e4 Hammasl\u00e4\u00e4k\u00e4riasema hiihdot<\/a><\/li>\n\n\n\n<li><a href=\"https:\/\/www.tammelanryske.fi\/tulokset\/260124\/tulokset.htm\" target=\"_blank\" rel=\"noreferrer noopener\">27.1.2024 Himos winter trail<\/a><\/li>\n\n\n\n<li><a href=\"https:\/\/www.tammelanryske.fi\/tulokset\/260124\/tuloksetnight.htm\" target=\"_blank\" rel=\"noreferrer noopener\">26.1.2024 Himos night winter trail<\/a><\/li>\n\n\n\n<li><a href=\"https:\/\/lhhtuki.yhdistysavain.fi\/tulospalvelu\/\" target=\"_blank\" rel=\"noreferrer noopener\">20 &#8211; 21.1.2024 Tampereen Pyrinn\u00f6n FIS hiihdot<\/a><\/li>\n\n\n\n<li><a href=\"https:\/\/www.extime.fi\/kisasivut\/index.htm\" target=\"_blank\" rel=\"noreferrer noopener\">14.1.2024 Vantaa FIS hiihdot<\/a><\/li>\n\n\n\n<li><a href=\"https:\/\/www.tammelanryske.fi\/tulokset\/101223\/karsinta.htm\" target=\"_blank\" rel=\"noreferrer noopener\">10.12.2023 Kiilto formulasprintti<\/a><\/li>\n<\/ul>\n\n\n\n<h3 class=\"wp-block-heading has-large-font-size\">Kausi 2023<\/h3>\n\n\n\n<ul class=\"wp-block-list\">\n<li><a href=\"https:\/\/www.tammelanryske.fi\/tulokset\/151023\/tulokset.htm\" target=\"_blank\" rel=\"noreferrer noopener\">15.10.2023 Voimaa mets\u00e4st\u00e4 Tampere<\/a><\/li>\n\n\n\n<li><a href=\"https:\/\/www.tammelanryske.fi\/tulokset\/300923\/tulokset.htm\" target=\"_blank\" rel=\"noreferrer noopener\">30.9.2023 Eerikkil\u00e4 trail run<\/a><\/li>\n\n\n\n<li><a href=\"https:\/\/www.tammelanryske.fi\/tulokset\/230923\/tulokset.htm\" target=\"_blank\" rel=\"noreferrer noopener\">23.9.2023 Mountain Warriors<\/a><\/li>\n\n\n\n<li><a href=\"https:\/\/www.tammelanryske.fi\/tulokset\/160923\/tulokset.htm\" target=\"_blank\" rel=\"noreferrer noopener\">16.9.2023 Kohnan lenkki<\/a><\/li>\n\n\n\n<li><a href=\"https:\/\/www.tammelanryske.fi\/tulokset\/030923\/tulokset.htm\" target=\"_blank\" rel=\"noreferrer noopener\">3.9.2023 Alaj\u00e4rvi MTB<\/a><\/li>\n\n\n\n<li><a href=\"https:\/\/www.tammelanryske.fi\/tulokset\/020923\/tulokset.htm\" target=\"_blank\" rel=\"noreferrer noopener\">2.9.2023 Velo Sastamala<\/a><\/li>\n\n\n\n<li><a href=\"https:\/\/www.tammelanryske.fi\/ryske\/tulokset\/golf\/\" target=\"_blank\" rel=\"noreferrer noopener\">3-4.8.2023 Speedgolf sprintti SM<\/a><\/li>\n\n\n\n<li><a href=\"https:\/\/www.tammelanryske.fi\/tulokset\/150723\/tulokset.htm\" target=\"_blank\" rel=\"noreferrer noopener\">15.7.2023 Porrasjuoksun SM Vimpeli<\/a><\/li>\n\n\n\n<li><a href=\"https:\/\/www.tammelanryske.fi\/tulokset\/130723\/tulokset.htm\" target=\"_blank\" rel=\"noreferrer noopener\">13.7.2023 Ratakymppi Forssa<\/a><\/li>\n\n\n\n<li><a href=\"https:\/\/www.tammelanryske.fi\/tulokset\/080723\/tulokset_tt.htm\" target=\"_blank\" rel=\"noreferrer noopener\">9.7.2023 Teisko triathlon<\/a><\/li>\n\n\n\n<li><a href=\"https:\/\/www.tammelanryske.fi\/tulokset\/080723\/tulokset.htm\" target=\"_blank\" rel=\"noreferrer noopener\">8.7.2023 EMG 2023 triathlon Tampere<\/a><\/li>\n\n\n\n<li><a href=\"https:\/\/www.tammelanryske.fi\/tulokset\/170623\/tulokset.htm\" target=\"_blank\" rel=\"noreferrer noopener\">17.6.2023 Ruisleip\u00e4juoksu Teivo<\/a><\/li>\n\n\n\n<li><a href=\"https:\/\/www.tammelanryske.fi\/tulokset\/130523\/tulokset.htm\" target=\"_blank\" rel=\"noreferrer noopener\">13.5.2023 H\u00e4mSyn pm maastojuoksut<\/a><\/li>\n\n\n\n<li><a href=\"https:\/\/www.tammelanryske.fi\/tulokset\/290423\/tulokset.htm\" target=\"_blank\" rel=\"noreferrer noopener\">29.4.2023 Porkkala Trail<\/a><\/li>\n\n\n\n<li><a href=\"https:\/\/www.tammelanryske.fi\/tulokset\/150423\/tulokset.htm\" target=\"_blank\" rel=\"noreferrer noopener\">15.4.2023 Winter Warrior Yll\u00e4s<\/a><\/li>\n\n\n\n<li><a href=\"https:\/\/www.tammelanryske.fi\/tulokset\/190323\/tulokset.htm\" target=\"_blank\" rel=\"noreferrer noopener\">19.3.2023 Satah\u00e4me hiihdot Ikaalinen&nbsp;<\/a>( Takaa-ajon 2. osa )<\/li>\n\n\n\n<li><a href=\"https:\/\/www.tammelanryske.fi\/tulokset\/180323\/tulokset.htm\" target=\"_blank\" rel=\"noreferrer noopener\">18.3.2023 Satakunta hiihdot Ikaalinen<\/a>&nbsp;( Takaa-ajon 1. osa )<\/li>\n\n\n\n<li><a href=\"https:\/\/lhhtuki.yhdistysavain.fi\/tulospalvelu\/\">10-12.3.2023 &nbsp;Nuorten SM hiihdot Valkeakoski<\/a><\/li>\n\n\n\n<li><a href=\"https:\/\/lhhtuki.yhdistysavain.fi\/tulospalvelu\/\" target=\"_blank\" rel=\"noreferrer noopener\">17-19.2.2023 Avoimet Nuorten Pohjoismaiden Mestaruushiihdot<\/a><\/li>\n\n\n\n<li><a href=\"https:\/\/www.tammelanryske.fi\/tulokset\/110223\/tulokset.htm\" target=\"_blank\" rel=\"noreferrer noopener\">11.2.2023 Tiirismaa winter trail<\/a><\/li>\n\n\n\n<li><a href=\"https:\/\/www.tammelanryske.fi\/tulokset\/100223\/tulokset.htm\" target=\"_blank\" rel=\"noreferrer noopener\">10.2.2023 Tiirismaa winter night trail<\/a><\/li>\n\n\n\n<li><a href=\"https:\/\/www.tammelanryske.fi\/tulokset\/040223\/tulokset.htm\" target=\"_blank\" rel=\"noreferrer noopener\">4.2.2023 LeKi kansalliset hiihtokilpailut<\/a><\/li>\n\n\n\n<li><a href=\"https:\/\/tammelanryske.fi\/tulokset\/140123\/tulokset.htm\" target=\"_blank\" rel=\"noreferrer noopener\">14.1.2022 RiceRaceTour Punkalaidun<\/a><\/li>\n\n\n\n<li><a href=\"https:\/\/www.tammelanryske.fi\/tulokset\/060123\/tulokset.htm\" target=\"_blank\" rel=\"noreferrer noopener\">6.1.2022 Pyrinn\u00f6n testisprintti<\/a><\/li>\n<\/ul>\n\n\n\n<h3 class=\"wp-block-heading\">2022<\/h3>\n\n\n\n<ul class=\"wp-block-list\">\n<li><a href=\"https:\/\/www.tammelanryske.fi\/tulokset\/111222\/tulokset.htm\" target=\"_blank\" rel=\"noreferrer noopener\">11.12.2022 LeKi ensilumen hiihdot<\/a><\/li>\n\n\n\n<li><a href=\"https:\/\/tammelanryske.fi\/tulokset\/091022\/tulokset.htm\">9.10.2022 Voimaa mets\u00e4st\u00e4 Tampere<\/a><\/li>\n\n\n\n<li><a href=\"https:\/\/tammelanryske.fi\/tulokset\/081022\/tulokset.htm\">8.10.2022 Eerikkil\u00e4 Trail Run<\/a><\/li>\n\n\n\n<li><a href=\"https:\/\/tammelanryske.fi\/tulokset\/170922\/tulokset.htm\" target=\"_blank\" rel=\"noreferrer noopener\">17.9.2022 Panelia h\u00f6lkk\u00e4<\/a><\/li>\n\n\n\n<li><a href=\"https:\/\/tammelanryske.fi\/tulokset\/100922\/tulokset.htm\" target=\"_blank\" rel=\"noreferrer noopener\">10.9.2022 Alaj\u00e4rvi MTB<\/a><\/li>\n\n\n\n<li><a href=\"https:\/\/www.tammelanryske.fi\/tulokset\/170722\/tulokset.htm\" target=\"_blank\" rel=\"noreferrer noopener\">17.7.2022 CYCLI MTB&nbsp;<\/a><\/li>\n\n\n\n<li><a href=\"https:\/\/www.tammelanryske.fi\/tulokset\/160722\/tulokset.htm\" target=\"_blank\" rel=\"noreferrer noopener\">16.7.2022 Shimano short track SM-2022<\/a><\/li>\n\n\n\n<li><a href=\"https:\/\/www.tammelanryske.fi\/tulokset\/010722\/karsinta.htm\" target=\"_blank\" rel=\"noreferrer noopener\">1.7.2022 Speedgolf SM Salo<\/a><\/li>\n\n\n\n<li><a href=\"https:\/\/www.tammelanryske.fi\/tulokset\/180622\/tulokset.htm\" target=\"_blank\" rel=\"noreferrer noopener\">18.6.2022 Ruisleip\u00e4juoksu<\/a><\/li>\n\n\n\n<li><a href=\"https:\/\/www.tammelanryske.fi\/tulokset\/100522\/tulokset.htm\" target=\"_blank\" rel=\"noreferrer noopener\">10.5.2022 Salon kaupungin maastojuoksumestaruus<\/a><\/li>\n\n\n\n<li><a href=\"https:\/\/www.tammelanryske.fi\/tulokset\/230422\/tulokset.htm\" target=\"_blank\" rel=\"noreferrer noopener\">23.4.2022 Savih\u00f6lkk\u00e4<\/a><\/li>\n\n\n\n<li><a href=\"https:\/\/www.tammelanryske.fi\/tulokset\/100422\/tulokset.htm\" target=\"_blank\" rel=\"noreferrer noopener\">10.4.2022 Porkkala Trail<\/a><\/li>\n\n\n\n<li><a href=\"https:\/\/www.tammelanryske.fi\/tulokset\/270322\/tulokset.htm\" target=\"_blank\" rel=\"noreferrer noopener\">27.3.2022 Sata-h\u00e4me hiihdot<\/a><\/li>\n\n\n\n<li><a href=\"https:\/\/www.tammelanryske.fi\/tulokset\/260322\/tulokset.htm\" target=\"_blank\" rel=\"noreferrer noopener\">26.3.2022 Sata-h\u00e4me hiihdot<\/a><\/li>\n\n\n\n<li><a href=\"https:\/\/www.tammelanryske.fi\/tulokset\/050322\/tulokset.htm\">5.3.2022 Ikaalisten nuorisohiihdot<\/a><\/li>\n\n\n\n<li><a href=\"https:\/\/www.tammelanryske.fi\/tulokset\/230222\/tulokset.htm\" target=\"_blank\" rel=\"noreferrer noopener\">23.2.2022 Tampereen koulujenv\u00e4liset hiihtokilpailut<\/a><\/li>\n\n\n\n<li><a href=\"https:\/\/www.tammelanryske.fi\/tulokset\/220222\/tulokset.htm\" target=\"_blank\" rel=\"noreferrer noopener\">22.2.2022 Hippo-hiihdot, Jokioinen<\/a><\/li>\n\n\n\n<li><a href=\"https:\/\/www.tammelanryske.fi\/tulokset\/190222\/tulokset.htm\">19.2.2022 &nbsp;J Sport Hiihdot, SM 2023-esikisat, Tampere<\/a><\/li>\n\n\n\n<li><a href=\"https:\/\/www.tammelanryske.fi\/tulokset\/170222\/tulokset.htm\" target=\"_blank\" rel=\"noreferrer noopener\">17.2.2022 Hippo hiihdot, Tammela<\/a><\/li>\n\n\n\n<li><a href=\"https:\/\/www.tammelanryske.fi\/tulokset\/130222\/tulokset.htm\" target=\"_blank\" rel=\"noreferrer noopener\">13.2.2022 Lemp\u00e4\u00e4l\u00e4, h\u00e4meen pm hiihdot<\/a><\/li>\n\n\n\n<li><a href=\"https:\/\/www.tammelanryske.fi\/tulokset\/050222\/tulokset.htm\" target=\"_blank\" rel=\"noreferrer noopener\">5.2.2022 Timanttiset Ryske hiihdot<\/a><\/li>\n\n\n\n<li><a href=\"https:\/\/www.tammelanryske.fi\/tulokset\/300122\/tulokset.htm\" target=\"_blank\" rel=\"noreferrer noopener\">30.1.2022 XCX-Tampere<\/a><\/li>\n<\/ul>\n\n\n\n<h3 class=\"wp-block-heading\">2021<\/h3>\n\n\n\n<ul class=\"wp-block-list\">\n<li><a href=\"https:\/\/www.tammelanryske.fi\/tulokset\/121221\/tulokset.htm\" target=\"_blank\" rel=\"noreferrer noopener\">12.12.2021 Kiilto formulasprintti<\/a><\/li>\n\n\n\n<li><a href=\"https:\/\/www.tammelanryske.fi\/tulokset\/161021\/tulokset.htm\" target=\"_blank\" rel=\"noreferrer noopener\">16.10.2021 Voimaa mets\u00e4st\u00e4 polkujuoksu<\/a><\/li>\n\n\n\n<li><a href=\"https:\/\/www.tammelanryske.fi\/tulokset\/040921\/tulokset.htm\" target=\"_blank\" rel=\"noreferrer noopener\">4.9.2021 Velo Sastamala<\/a><\/li>\n\n\n\n<li><a href=\"https:\/\/www.tammelanryske.fi\/tulokset\/210821\/tulokset.htm\" target=\"_blank\" rel=\"noreferrer noopener\">21.8.2021 Alaj\u00e4rvi MTB<\/a><\/li>\n\n\n\n<li><a href=\"https:\/\/www.tammelanryske.fi\/tulokset\/150821\/tulokset.htm\" target=\"_blank\" rel=\"noreferrer noopener\">15.8.2021 Koetus maastojuoksu<\/a><\/li>\n\n\n\n<li><a href=\"https:\/\/www.tammelanryske.fi\/tulokset\/140821\/tulokset.htm\" target=\"_blank\" rel=\"noreferrer noopener\">14.8.2021 Finland X-Run<\/a><\/li>\n\n\n\n<li><a href=\"https:\/\/www.tammelanryske.fi\/tulokset\/250721\/tulokset.htm\" target=\"_blank\" rel=\"noreferrer noopener\">25.7.2021 Cycli XCM<\/a><\/li>\n\n\n\n<li><a href=\"https:\/\/www.tammelanryske.fi\/tulokset\/240721\/tulokset.htm\" target=\"_blank\" rel=\"noreferrer noopener\">24.7.2021 Cycli XCO<\/a><\/li>\n\n\n\n<li><a href=\"https:\/\/www.tammelanryske.fi\/tulokset\/150721\/tulokset.htm\" target=\"_blank\" rel=\"noreferrer noopener\">15.7.2021 Salaman ratakymppi<\/a><\/li>\n\n\n\n<li><a href=\"https:\/\/www.tammelanryske.fi\/tulokset\/190621\/tulokset.htm\">19.6.2021 Ruisleip\u00e4h\u00f6lkk\u00e4<\/a><\/li>\n\n\n\n<li><a href=\"https:\/\/www.tammelanryske.fi\/tulokset\/300521\/tulokset.htm\" target=\"_blank\" rel=\"noreferrer noopener\">30.5.2021 SM Maantiek\u00e4vely, Urjala<\/a><\/li>\n\n\n\n<li><a href=\"https:\/\/www.tammelanryske.fi\/tulokset\/070321\/tulokset.htm\" target=\"_blank\" rel=\"noreferrer noopener\">7.3.2021 Pyrinn\u00f6n piirikunnalliset<\/a><\/li>\n\n\n\n<li><a href=\"https:\/\/www.tammelanryske.fi\/tulokset\/060321\/tulokset.htm\" target=\"_blank\" rel=\"noreferrer noopener\">6.3.2021Ikaalisten nuorisohihdot<\/a><\/li>\n\n\n\n<li><a href=\"https:\/\/www.tammelanryske.fi\/tulokset\/030321\/tulokset.htm\" target=\"_blank\" rel=\"noreferrer noopener\">3.3.2021 Ryskeen viikkohiihdot<\/a><\/li>\n\n\n\n<li><a href=\"https:\/\/www.tammelanryske.fi\/tulokset\/210221\/tulokset.htm\" target=\"_blank\" rel=\"noreferrer noopener\">21.2.2021 Nuorten SM hiihdot, Jyv\u00e4skyl\u00e4<\/a><\/li>\n\n\n\n<li><a href=\"https:\/\/www.tammelanryske.fi\/tulokset\/200221\/tulokset.htm\">20.2.2021 Nuorten SM hiihdot, Jyv\u00e4skyl\u00e4<\/a><\/li>\n\n\n\n<li><a href=\"https:\/\/www.tammelanryske.fi\/tulokset\/310121\/tulokset.htm\" target=\"_blank\" rel=\"noreferrer noopener\">31.1.2021 Sata-h\u00e4me hiihdot<\/a><\/li>\n\n\n\n<li><a href=\"https:\/\/www.tammelanryske.fi\/tulokset\/240121\/tulokset.htm\" target=\"_blank\" rel=\"noreferrer noopener\">24.1.2021 XCX-Tampere<\/a><\/li>\n\n\n\n<li><a href=\"https:\/\/www.tammelanryske.fi\/tulokset\/170121\/tulokset.htm\" target=\"_blank\" rel=\"noreferrer noopener\">17.1.2021 Pyrinn\u00f6n piirikunnalliset<\/a><\/li>\n<\/ul>\n\n\n\n<figure class=\"wp-block-image aligncenter size-full\"><img loading=\"lazy\" decoding=\"async\" width=\"938\" height=\"938\" src=\"http:\/\/www.ajanotot.fi\/wp-content\/uploads\/2024\/07\/Nimeton-1_html_64f2d1fb.png\" alt=\"\" class=\"wp-image-7\" srcset=\"https:\/\/www.ajanotot.fi\/wp-content\/uploads\/2024\/07\/Nimeton-1_html_64f2d1fb.png 938w, https:\/\/www.ajanotot.fi\/wp-content\/uploads\/2024\/07\/Nimeton-1_html_64f2d1fb-300x300.png 300w, https:\/\/www.ajanotot.fi\/wp-content\/uploads\/2024\/07\/Nimeton-1_html_64f2d1fb-150x150.png 150w, https:\/\/www.ajanotot.fi\/wp-content\/uploads\/2024\/07\/Nimeton-1_html_64f2d1fb-768x768.png 768w\" sizes=\"auto, (max-width: 938px) 100vw, 938px\" \/><\/figure>\n","protected":false},"excerpt":{"rendered":"<p>Kausi 2025 14.12.2024 FIS Vantaan hiihdot 15.12.2024 Kiilto Ensilumen Formulasprintti 22.12.2,24 Valkeakosken Ensilumen hiihdot\/Antero Kekkosen Muistohiihdot 29.12.2024 H\u00e4meenlinnan Nuorten SM-hiihtojen esikisat 4-5.1.2025 FIS Tampereen Pyrinn\u00f6n J Sport Hiihdot 17-19.1.2025 FIS Nuorten SM-kilpailu H\u00e4meenlinna 26.1.2025 Ikaalisten kansalliset 1.2.2025 pm sprintit Tampere 2.2.2025 Lemp\u00e4\u00e4l\u00e4n Hammasl\u00e4\u00e4k\u00e4riasema Hiihdot 8.3.2025 H\u00e4meen piirinmestaruushiihdot Tampere 9.3.2025 H\u00e4meen viestip\u00e4iv\u00e4 Tampere 16.3.2025 Sata-H\u00e4me hiihdot [&hellip;]<\/p>\n","protected":false},"author":1,"featured_media":0,"parent":0,"menu_order":0,"comment_status":"closed","ping_status":"closed","template":"","meta":{"footnotes":""},"class_list":["post-65","page","type-page","status-publish","hentry"],"_links":{"self":[{"href":"https:\/\/www.ajanotot.fi\/index.php\/wp-json\/wp\/v2\/pages\/65","targetHints":{"allow":["GET"]}}],"collection":[{"href":"https:\/\/www.ajanotot.fi\/index.php\/wp-json\/wp\/v2\/pages"}],"about":[{"href":"https:\/\/www.ajanotot.fi\/index.php\/wp-json\/wp\/v2\/types\/page"}],"author":[{"embeddable":true,"href":"https:\/\/www.ajanotot.fi\/index.php\/wp-json\/wp\/v2\/users\/1"}],"replies":[{"embeddable":true,"href":"https:\/\/www.ajanotot.fi\/index.php\/wp-json\/wp\/v2\/comments?post=65"}],"version-history":[{"count":5,"href":"https:\/\/www.ajanotot.fi\/index.php\/wp-json\/wp\/v2\/pages\/65\/revisions"}],"predecessor-version":[{"id":277,"href":"https:\/\/www.ajanotot.fi\/index.php\/wp-json\/wp\/v2\/pages\/65\/revisions\/277"}],"wp:attachment":[{"href":"https:\/\/www.ajanotot.fi\/index.php\/wp-json\/wp\/v2\/media?parent=65"}],"curies":[{"name":"wp","href":"https:\/\/api.w.org\/{rel}","templated":true}]}}